{"id":1331,"date":"2022-12-19T23:14:04","date_gmt":"2022-12-19T22:14:04","guid":{"rendered":"https:\/\/cubicim.ch\/immobilien\/1177276de-spacieux-appartement-duplex-de-65-pieces-avec-jardin-3\/"},"modified":"2024-11-19T01:19:34","modified_gmt":"2024-11-19T00:19:34","slug":"1177276de-spacieux-appartement-duplex-de-65-pieces-avec-jardin-3","status":"publish","type":"casawp_property","link":"https:\/\/cubicim.ch\/de\/immobilien\/1177276de-spacieux-appartement-duplex-de-65-pieces-avec-jardin-3\/","title":{"rendered":"Vendu spacieux appartement duplex de 6.5 pi\u00e8ces avec jardin"},"content":{"rendered":"<p>Situ\u00e9 au centre du village de Yens, \u00e0 220 m\u00e8tres de la gare, ce logement id\u00e9al pour une grande famille se trouve dans un immeuble en PPE de 2 appartements. Tout en \u00e9tant proche d&#8217;importantes commodit\u00e9s, l&#8217;environnement paisible de la campagne et des vignes environnantes offre \u00e0 ses nouveaux propri\u00e9taires un cadre de vie agr\u00e9able et \u00e9quilibr\u00e9.<\/p>\n<p>Mauro Alessandrini<br \/>021 601 63 28<br \/>m.alessandrini@cubicim.ch<\/p>\n","protected":false},"excerpt":{"rendered":"<p>Situ\u00e9 au centre du village de Yens, \u00e0 220 m\u00e8tres de la gare, ce logement id\u00e9al pour une grande famille se trouve dans un immeuble en PPE de 2 appartements. Tout en \u00e9tant proche d&#8217;importantes comm \u2026<\/p>\n","protected":false},"author":0,"featured_media":2342,"parent":0,"menu_order":5,"comment_status":"closed","ping_status":"closed","template":"","meta":{"_acf_changed":false,"inline_featured_image":false,"footnotes":""},"casawp_category":[26],"casawp_feature":[17,28],"casawp_utility":[30],"casawp_location":[21,31,32],"casawp_salestype":[19],"casawp_availability":[20],"casawp_region":[],"class_list":["post-1331","casawp_property","type-casawp_property","status-publish","has-post-thumbnail","hentry","casawp_category-apartment","casawp_feature-has-nice-view","casawp_feature-has-parking","casawp_utility-residential","casawp_location-country_ch","casawp_location-region_vd","casawp_location-locality_yens","casawp_salestype-buy","casawp_availability-active"],"acf":[],"yoast_head":"<!-- This site is optimized with the Yoast SEO plugin v27.4 - https:\/\/yoast.com\/product\/yoast-seo-wordpress\/ -->\n<title>Vendu spacieux appartement duplex de 6.5 pi\u00e8ces avec jardin - cubicim \u2013 courtage immobilier sur mesure<\/title>\n<meta name=\"robots\" content=\"index, follow, max-snippet:-1, max-image-preview:large, max-video-preview:-1\" \/>\n<link rel=\"canonical\" href=\"https:\/\/cubicim.ch\/immobilien\/1177276fr-spacieux-appartement-duplex-de-65-pieces-avec-jardin-3\/\" \/>\n<meta property=\"og:locale\" content=\"de_DE\" \/>\n<meta property=\"og:type\" content=\"article\" \/>\n<meta property=\"og:title\" content=\"Vendu spacieux appartement duplex de 6.5 pi\u00e8ces avec jardin - cubicim \u2013 courtage immobilier sur mesure\" \/>\n<meta property=\"og:description\" content=\"Situ\u00e9 au centre du village de Yens, \u00e0 220 m\u00e8tres de la gare, ce logement id\u00e9al pour une grande famille se trouve dans un immeuble en PPE de 2 appartements. Tout en \u00e9tant proche d&#039;importantes comm \u2026\" \/>\n<meta property=\"og:url\" content=\"https:\/\/cubicim.ch\/immobilien\/1177276fr-spacieux-appartement-duplex-de-65-pieces-avec-jardin-3\/\" \/>\n<meta property=\"og:site_name\" content=\"cubicim \u2013 courtage immobilier sur mesure\" \/>\n<meta property=\"article:modified_time\" content=\"2024-11-19T00:19:34+00:00\" \/>\n<meta name=\"twitter:card\" content=\"summary_large_image\" \/>\n<script type=\"application\/ld+json\" class=\"yoast-schema-graph\">{\"@context\":\"https:\\\/\\\/schema.org\",\"@graph\":[{\"@type\":\"WebPage\",\"@id\":\"https:\\\/\\\/cubicim.ch\\\/immobilien\\\/1177276fr-spacieux-appartement-duplex-de-65-pieces-avec-jardin-3\\\/\",\"url\":\"https:\\\/\\\/cubicim.ch\\\/immobilien\\\/1177276fr-spacieux-appartement-duplex-de-65-pieces-avec-jardin-3\\\/\",\"name\":\"Vendu spacieux appartement duplex de 6.5 pi\u00e8ces avec jardin - cubicim \u2013 courtage immobilier sur mesure\",\"isPartOf\":{\"@id\":\"https:\\\/\\\/cubicim.dolomit.casasoft.ch\\\/#website\"},\"primaryImageOfPage\":{\"@id\":\"https:\\\/\\\/cubicim.ch\\\/immobilien\\\/1177276fr-spacieux-appartement-duplex-de-65-pieces-avec-jardin-3\\\/#primaryimage\"},\"image\":{\"@id\":\"https:\\\/\\\/cubicim.ch\\\/immobilien\\\/1177276fr-spacieux-appartement-duplex-de-65-pieces-avec-jardin-3\\\/#primaryimage\"},\"thumbnailUrl\":\"https:\\\/\\\/cdn.casasoft.com\\\/media\\\/provider-13405\\\/property-1177276\\\/9906945.jpg?p=xl\",\"datePublished\":\"2022-12-19T22:14:04+00:00\",\"dateModified\":\"2024-11-19T00:19:34+00:00\",\"breadcrumb\":{\"@id\":\"https:\\\/\\\/cubicim.ch\\\/immobilien\\\/1177276fr-spacieux-appartement-duplex-de-65-pieces-avec-jardin-3\\\/#breadcrumb\"},\"inLanguage\":\"de\",\"potentialAction\":[{\"@type\":\"ReadAction\",\"target\":[\"https:\\\/\\\/cubicim.ch\\\/immobilien\\\/1177276fr-spacieux-appartement-duplex-de-65-pieces-avec-jardin-3\\\/\"]}]},{\"@type\":\"ImageObject\",\"inLanguage\":\"de\",\"@id\":\"https:\\\/\\\/cubicim.ch\\\/immobilien\\\/1177276fr-spacieux-appartement-duplex-de-65-pieces-avec-jardin-3\\\/#primaryimage\",\"url\":\"https:\\\/\\\/cdn.casasoft.com\\\/media\\\/provider-13405\\\/property-1177276\\\/9906945.jpg?p=xl\",\"contentUrl\":\"https:\\\/\\\/cdn.casasoft.com\\\/media\\\/provider-13405\\\/property-1177276\\\/9906945.jpg?p=xl\",\"caption\":\"Vendu spacieux appartement duplex de 6.5 pi\u00e8ces avec jardin\"},{\"@type\":\"BreadcrumbList\",\"@id\":\"https:\\\/\\\/cubicim.ch\\\/immobilien\\\/1177276fr-spacieux-appartement-duplex-de-65-pieces-avec-jardin-3\\\/#breadcrumb\",\"itemListElement\":[{\"@type\":\"ListItem\",\"position\":1,\"name\":\"Startseite\",\"item\":\"https:\\\/\\\/cubicim.ch\\\/\"},{\"@type\":\"ListItem\",\"position\":2,\"name\":\"Properties\",\"item\":\"https:\\\/\\\/cubicim.ch\\\/immobilien\\\/\"},{\"@type\":\"ListItem\",\"position\":3,\"name\":\"Vendu spacieux appartement duplex de 6.5 pi\u00e8ces avec jardin\"}]},{\"@type\":\"WebSite\",\"@id\":\"https:\\\/\\\/cubicim.dolomit.casasoft.ch\\\/#website\",\"url\":\"https:\\\/\\\/cubicim.dolomit.casasoft.ch\\\/\",\"name\":\"cubicim \u2013 courtage immobilier sur mesure\",\"description\":\"\",\"publisher\":{\"@id\":\"https:\\\/\\\/cubicim.dolomit.casasoft.ch\\\/#organization\"},\"potentialAction\":[{\"@type\":\"SearchAction\",\"target\":{\"@type\":\"EntryPoint\",\"urlTemplate\":\"https:\\\/\\\/cubicim.dolomit.casasoft.ch\\\/?s={search_term_string}\"},\"query-input\":{\"@type\":\"PropertyValueSpecification\",\"valueRequired\":true,\"valueName\":\"search_term_string\"}}],\"inLanguage\":\"de\"},{\"@type\":\"Organization\",\"@id\":\"https:\\\/\\\/cubicim.dolomit.casasoft.ch\\\/#organization\",\"name\":\"cubicim \u2013 courtage immobilier sur mesure\",\"url\":\"https:\\\/\\\/cubicim.dolomit.casasoft.ch\\\/\",\"logo\":{\"@type\":\"ImageObject\",\"inLanguage\":\"de\",\"@id\":\"https:\\\/\\\/cubicim.dolomit.casasoft.ch\\\/#\\\/schema\\\/logo\\\/image\\\/\",\"url\":\"https:\\\/\\\/cubicim.ch\\\/wp-content\\\/uploads\\\/sites\\\/10\\\/2022\\\/08\\\/cubicim_logo.svg\",\"contentUrl\":\"https:\\\/\\\/cubicim.ch\\\/wp-content\\\/uploads\\\/sites\\\/10\\\/2022\\\/08\\\/cubicim_logo.svg\",\"width\":601,\"height\":777,\"caption\":\"cubicim \u2013 courtage immobilier sur mesure\"},\"image\":{\"@id\":\"https:\\\/\\\/cubicim.dolomit.casasoft.ch\\\/#\\\/schema\\\/logo\\\/image\\\/\"}}]}<\/script>\n<!-- \/ Yoast SEO plugin. -->","yoast_head_json":{"title":"Vendu spacieux appartement duplex de 6.5 pi\u00e8ces avec jardin - cubicim \u2013 courtage immobilier sur mesure","robots":{"index":"index","follow":"follow","max-snippet":"max-snippet:-1","max-image-preview":"max-image-preview:large","max-video-preview":"max-video-preview:-1"},"canonical":"https:\/\/cubicim.ch\/immobilien\/1177276fr-spacieux-appartement-duplex-de-65-pieces-avec-jardin-3\/","og_locale":"de_DE","og_type":"article","og_title":"Vendu spacieux appartement duplex de 6.5 pi\u00e8ces avec jardin - cubicim \u2013 courtage immobilier sur mesure","og_description":"Situ\u00e9 au centre du village de Yens, \u00e0 220 m\u00e8tres de la gare, ce logement id\u00e9al pour une grande famille se trouve dans un immeuble en PPE de 2 appartements. Tout en \u00e9tant proche d'importantes comm \u2026","og_url":"https:\/\/cubicim.ch\/immobilien\/1177276fr-spacieux-appartement-duplex-de-65-pieces-avec-jardin-3\/","og_site_name":"cubicim \u2013 courtage immobilier sur mesure","article_modified_time":"2024-11-19T00:19:34+00:00","twitter_card":"summary_large_image","schema":{"@context":"https:\/\/schema.org","@graph":[{"@type":"WebPage","@id":"https:\/\/cubicim.ch\/immobilien\/1177276fr-spacieux-appartement-duplex-de-65-pieces-avec-jardin-3\/","url":"https:\/\/cubicim.ch\/immobilien\/1177276fr-spacieux-appartement-duplex-de-65-pieces-avec-jardin-3\/","name":"Vendu spacieux appartement duplex de 6.5 pi\u00e8ces avec jardin - cubicim \u2013 courtage immobilier sur mesure","isPartOf":{"@id":"https:\/\/cubicim.dolomit.casasoft.ch\/#website"},"primaryImageOfPage":{"@id":"https:\/\/cubicim.ch\/immobilien\/1177276fr-spacieux-appartement-duplex-de-65-pieces-avec-jardin-3\/#primaryimage"},"image":{"@id":"https:\/\/cubicim.ch\/immobilien\/1177276fr-spacieux-appartement-duplex-de-65-pieces-avec-jardin-3\/#primaryimage"},"thumbnailUrl":"https:\/\/cdn.casasoft.com\/media\/provider-13405\/property-1177276\/9906945.jpg?p=xl","datePublished":"2022-12-19T22:14:04+00:00","dateModified":"2024-11-19T00:19:34+00:00","breadcrumb":{"@id":"https:\/\/cubicim.ch\/immobilien\/1177276fr-spacieux-appartement-duplex-de-65-pieces-avec-jardin-3\/#breadcrumb"},"inLanguage":"de","potentialAction":[{"@type":"ReadAction","target":["https:\/\/cubicim.ch\/immobilien\/1177276fr-spacieux-appartement-duplex-de-65-pieces-avec-jardin-3\/"]}]},{"@type":"ImageObject","inLanguage":"de","@id":"https:\/\/cubicim.ch\/immobilien\/1177276fr-spacieux-appartement-duplex-de-65-pieces-avec-jardin-3\/#primaryimage","url":"https:\/\/cdn.casasoft.com\/media\/provider-13405\/property-1177276\/9906945.jpg?p=xl","contentUrl":"https:\/\/cdn.casasoft.com\/media\/provider-13405\/property-1177276\/9906945.jpg?p=xl","caption":"Vendu spacieux appartement duplex de 6.5 pi\u00e8ces avec jardin"},{"@type":"BreadcrumbList","@id":"https:\/\/cubicim.ch\/immobilien\/1177276fr-spacieux-appartement-duplex-de-65-pieces-avec-jardin-3\/#breadcrumb","itemListElement":[{"@type":"ListItem","position":1,"name":"Startseite","item":"https:\/\/cubicim.ch\/"},{"@type":"ListItem","position":2,"name":"Properties","item":"https:\/\/cubicim.ch\/immobilien\/"},{"@type":"ListItem","position":3,"name":"Vendu spacieux appartement duplex de 6.5 pi\u00e8ces avec jardin"}]},{"@type":"WebSite","@id":"https:\/\/cubicim.dolomit.casasoft.ch\/#website","url":"https:\/\/cubicim.dolomit.casasoft.ch\/","name":"cubicim \u2013 courtage immobilier sur mesure","description":"","publisher":{"@id":"https:\/\/cubicim.dolomit.casasoft.ch\/#organization"},"potentialAction":[{"@type":"SearchAction","target":{"@type":"EntryPoint","urlTemplate":"https:\/\/cubicim.dolomit.casasoft.ch\/?s={search_term_string}"},"query-input":{"@type":"PropertyValueSpecification","valueRequired":true,"valueName":"search_term_string"}}],"inLanguage":"de"},{"@type":"Organization","@id":"https:\/\/cubicim.dolomit.casasoft.ch\/#organization","name":"cubicim \u2013 courtage immobilier sur mesure","url":"https:\/\/cubicim.dolomit.casasoft.ch\/","logo":{"@type":"ImageObject","inLanguage":"de","@id":"https:\/\/cubicim.dolomit.casasoft.ch\/#\/schema\/logo\/image\/","url":"https:\/\/cubicim.ch\/wp-content\/uploads\/sites\/10\/2022\/08\/cubicim_logo.svg","contentUrl":"https:\/\/cubicim.ch\/wp-content\/uploads\/sites\/10\/2022\/08\/cubicim_logo.svg","width":601,"height":777,"caption":"cubicim \u2013 courtage immobilier sur mesure"},"image":{"@id":"https:\/\/cubicim.dolomit.casasoft.ch\/#\/schema\/logo\/image\/"}}]}},"_links":{"self":[{"href":"https:\/\/cubicim.ch\/de\/wp-json\/wp\/v2\/casawp_property\/1331","targetHints":{"allow":["GET"]}}],"collection":[{"href":"https:\/\/cubicim.ch\/de\/wp-json\/wp\/v2\/casawp_property"}],"about":[{"href":"https:\/\/cubicim.ch\/de\/wp-json\/wp\/v2\/types\/casawp_property"}],"replies":[{"embeddable":true,"href":"https:\/\/cubicim.ch\/de\/wp-json\/wp\/v2\/comments?post=1331"}],"version-history":[{"count":0,"href":"https:\/\/cubicim.ch\/de\/wp-json\/wp\/v2\/casawp_property\/1331\/revisions"}],"wp:featuredmedia":[{"embeddable":true,"href":"https:\/\/cubicim.ch\/de\/wp-json\/wp\/v2\/media\/2342"}],"wp:attachment":[{"href":"https:\/\/cubicim.ch\/de\/wp-json\/wp\/v2\/media?parent=1331"}],"wp:term":[{"taxonomy":"casawp_category","embeddable":true,"href":"https:\/\/cubicim.ch\/de\/wp-json\/wp\/v2\/casawp_category?post=1331"},{"taxonomy":"casawp_feature","embeddable":true,"href":"https:\/\/cubicim.ch\/de\/wp-json\/wp\/v2\/casawp_feature?post=1331"},{"taxonomy":"casawp_utility","embeddable":true,"href":"https:\/\/cubicim.ch\/de\/wp-json\/wp\/v2\/casawp_utility?post=1331"},{"taxonomy":"casawp_location","embeddable":true,"href":"https:\/\/cubicim.ch\/de\/wp-json\/wp\/v2\/casawp_location?post=1331"},{"taxonomy":"casawp_salestype","embeddable":true,"href":"https:\/\/cubicim.ch\/de\/wp-json\/wp\/v2\/casawp_salestype?post=1331"},{"taxonomy":"casawp_availability","embeddable":true,"href":"https:\/\/cubicim.ch\/de\/wp-json\/wp\/v2\/casawp_availability?post=1331"},{"taxonomy":"casawp_region","embeddable":true,"href":"https:\/\/cubicim.ch\/de\/wp-json\/wp\/v2\/casawp_region?post=1331"}],"curies":[{"name":"wp","href":"https:\/\/api.w.org\/{rel}","templated":true}]}}

Vendu spacieux appartement duplex de 6.5 pièces avec jardin

<p>Situé au centre du village de Yens, à 220 mètres de la gare, ce logement idéal pour une grande famille se trouve dans un immeuble en PPE de 2 appartements. Tout en étant proche d&#8217;importantes commodités, l&#8217;environnement paisible de la campagne et des vignes environnantes offre à ses nouveaux propriétaires un cadre de vie agréable et équilibré.</p>
<p>Mauro Alessandrini<br />021 601 63 28<br />m.alessandrini@cubicim.ch</p>

<p>Situé au centre du village de Yens, à 220 mètres de la gare, ce logement idéal pour une grande famille se trouve dans un immeuble en PPE de 2 appartements. Tout en étant proche d&#8217;importantes comm …</p>

<!-- This site is optimized with the Yoast SEO plugin v27.4 - https://yoast.com/product/yoast-seo-wordpress/ -->
<title>Vendu spacieux appartement duplex de 6.5 pièces avec jardin - cubicim – courtage immobilier sur mesure</title>
<meta name="robots" content="index, follow, max-snippet:-1, max-image-preview:large, max-video-preview:-1" />
<link rel="canonical" href="https://cubicim.ch/immobilien/1177276fr-spacieux-appartement-duplex-de-65-pieces-avec-jardin-3/" />
<meta property="og:locale" content="de_DE" />
<meta property="og:type" content="article" />
<meta property="og:title" content="Vendu spacieux appartement duplex de 6.5 pièces avec jardin - cubicim – courtage immobilier sur mesure" />
<meta property="og:description" content="Situé au centre du village de Yens, à 220 mètres de la gare, ce logement idéal pour une grande famille se trouve dans un immeuble en PPE de 2 appartements. Tout en étant proche d&#039;importantes comm …" />
<meta property="og:url" content="https://cubicim.ch/immobilien/1177276fr-spacieux-appartement-duplex-de-65-pieces-avec-jardin-3/" />
<meta property="og:site_name" content="cubicim – courtage immobilier sur mesure" />
<meta property="article:modified_time" content="2024-11-19T00:19:34+00:00" />
<meta name="twitter:card" content="summary_large_image" />
<script type="application/ld+json" class="yoast-schema-graph">{"@context":"https:\/\/schema.org","@graph":[{"@type":"WebPage","@id":"https:\/\/cubicim.ch\/immobilien\/1177276fr-spacieux-appartement-duplex-de-65-pieces-avec-jardin-3\/","url":"https:\/\/cubicim.ch\/immobilien\/1177276fr-spacieux-appartement-duplex-de-65-pieces-avec-jardin-3\/","name":"Vendu spacieux appartement duplex de 6.5 pièces avec jardin - cubicim – courtage immobilier sur mesure","isPartOf":{"@id":"https:\/\/cubicim.dolomit.casasoft.ch\/#website"},"primaryImageOfPage":{"@id":"https:\/\/cubicim.ch\/immobilien\/1177276fr-spacieux-appartement-duplex-de-65-pieces-avec-jardin-3\/#primaryimage"},"image":{"@id":"https:\/\/cubicim.ch\/immobilien\/1177276fr-spacieux-appartement-duplex-de-65-pieces-avec-jardin-3\/#primaryimage"},"thumbnailUrl":"https:\/\/cdn.casasoft.com\/media\/provider-13405\/property-1177276\/9906945.jpg?p=xl","datePublished":"2022-12-19T22:14:04+00:00","dateModified":"2024-11-19T00:19:34+00:00","breadcrumb":{"@id":"https:\/\/cubicim.ch\/immobilien\/1177276fr-spacieux-appartement-duplex-de-65-pieces-avec-jardin-3\/#breadcrumb"},"inLanguage":"de","potentialAction":[{"@type":"ReadAction","target":["https:\/\/cubicim.ch\/immobilien\/1177276fr-spacieux-appartement-duplex-de-65-pieces-avec-jardin-3\/"]}]},{"@type":"ImageObject","inLanguage":"de","@id":"https:\/\/cubicim.ch\/immobilien\/1177276fr-spacieux-appartement-duplex-de-65-pieces-avec-jardin-3\/#primaryimage","url":"https:\/\/cdn.casasoft.com\/media\/provider-13405\/property-1177276\/9906945.jpg?p=xl","contentUrl":"https:\/\/cdn.casasoft.com\/media\/provider-13405\/property-1177276\/9906945.jpg?p=xl","caption":"Vendu spacieux appartement duplex de 6.5 pièces avec jardin"},{"@type":"BreadcrumbList","@id":"https:\/\/cubicim.ch\/immobilien\/1177276fr-spacieux-appartement-duplex-de-65-pieces-avec-jardin-3\/#breadcrumb","itemListElement":[{"@type":"ListItem","position":1,"name":"Startseite","item":"https:\/\/cubicim.ch\/"},{"@type":"ListItem","position":2,"name":"Properties","item":"https:\/\/cubicim.ch\/immobilien\/"},{"@type":"ListItem","position":3,"name":"Vendu spacieux appartement duplex de 6.5 pièces avec jardin"}]},{"@type":"WebSite","@id":"https:\/\/cubicim.dolomit.casasoft.ch\/#website","url":"https:\/\/cubicim.dolomit.casasoft.ch\/","name":"cubicim – courtage immobilier sur mesure","description":"","publisher":{"@id":"https:\/\/cubicim.dolomit.casasoft.ch\/#organization"},"potentialAction":[{"@type":"SearchAction","target":{"@type":"EntryPoint","urlTemplate":"https:\/\/cubicim.dolomit.casasoft.ch\/?s={search_term_string}"},"query-input":{"@type":"PropertyValueSpecification","valueRequired":true,"valueName":"search_term_string"}}],"inLanguage":"de"},{"@type":"Organization","@id":"https:\/\/cubicim.dolomit.casasoft.ch\/#organization","name":"cubicim – courtage immobilier sur mesure","url":"https:\/\/cubicim.dolomit.casasoft.ch\/","logo":{"@type":"ImageObject","inLanguage":"de","@id":"https:\/\/cubicim.dolomit.casasoft.ch\/#\/schema\/logo\/image\/","url":"https:\/\/cubicim.ch\/wp-content\/uploads\/sites\/10\/2022\/08\/cubicim_logo.svg","contentUrl":"https:\/\/cubicim.ch\/wp-content\/uploads\/sites\/10\/2022\/08\/cubicim_logo.svg","width":601,"height":777,"caption":"cubicim – courtage immobilier sur mesure"},"image":{"@id":"https:\/\/cubicim.dolomit.casasoft.ch\/#\/schema\/logo\/image\/"}}]}</script>
<!-- / Yoast SEO plugin. -->

Vendu spacieux appartement duplex de 6.5 pièces avec jardin - cubicim – courtage immobilier sur mesure

Situé au centre du village de Yens, à 220 mètres de la gare, ce logement idéal pour une grande famille se trouve dans un immeuble en PPE de 2 appartements. Tout en étant proche d'importantes comm …
